[INFO] fetching crate immintrin 0.2.0...
[INFO] checking immintrin-0.2.0 against try#72f88fc4e9458f89516a0b8b0868f3718aec5b47 for pr-74989
[INFO] extracting crate immintrin 0.2.0 into /workspace/builds/worker-3/source
[INFO] validating manifest of crates.io crate immintrin 0.2.0 on toolchain 72f88fc4e9458f89516a0b8b0868f3718aec5b47
[INFO] running `Command { std: "/workspace/cargo-home/bin/cargo" "+72f88fc4e9458f89516a0b8b0868f3718aec5b47" "read-manifest" "--manifest-path" "Cargo.toml", kill_on_drop: false }`
[INFO] started tweaking crates.io crate immintrin 0.2.0
[INFO] finished tweaking crates.io crate immintrin 0.2.0
[INFO] tweaked toml for crates.io crate immintrin 0.2.0 written to /workspace/builds/worker-3/source/Cargo.toml
[INFO] running `Command { std: "/workspace/cargo-home/bin/cargo" "+72f88fc4e9458f89516a0b8b0868f3718aec5b47" "generate-lockfile" "--manifest-path" "Cargo.toml" "-Zno-index-update", kill_on_drop: false }`
[INFO] running `Command { std: "/workspace/cargo-home/bin/cargo" "+72f88fc4e9458f89516a0b8b0868f3718aec5b47" "fetch" "--locked" "--manifest-path" "Cargo.toml", kill_on_drop: false }`
[INFO] running `Command { std: "docker" "create" "-v" "/var/lib/crater-agent-workspace/builds/worker-3/target:/opt/rustwide/target:rw,Z" "-v" "/var/lib/crater-agent-workspace/builds/worker-3/source:/opt/rustwide/workdir:ro,Z" "-v" "/var/lib/crater-agent-workspace/cargo-home:/opt/rustwide/cargo-home:ro,Z" "-v" "/var/lib/crater-agent-workspace/rustup-home:/opt/rustwide/rustup-home:ro,Z" "-e" "SOURCE_DIR=/opt/rustwide/workdir" "-e" "CARGO_TARGET_DIR=/opt/rustwide/target" "-e" "CARGO_HOME=/opt/rustwide/cargo-home" "-e" "RUSTUP_HOME=/opt/rustwide/rustup-home" "-w" "/opt/rustwide/workdir" "-m" "1610612736" "--user" "0:0" "--network" "none" "rustops/crates-build-env@sha256:d92eaeed33fa75130ca1ee6c8a01d1ffb62bac859dfdfb3450e3e5d1c0146529" "/opt/rustwide/cargo-home/bin/cargo" "+72f88fc4e9458f89516a0b8b0868f3718aec5b47" "metadata" "--no-deps" "--format-version=1", kill_on_drop: false }`
[INFO] [stdout] bdee6abd131669dd7abcd6c97ad27426c37d7dd837c0710760273aaf740bd14c
[INFO] [stderr] WARNING: Your kernel does not support swap limit capabilities or the cgroup is not mounted. Memory limited without swap.
[INFO] running `Command { std: "docker" "start" "-a" "bdee6abd131669dd7abcd6c97ad27426c37d7dd837c0710760273aaf740bd14c", kill_on_drop: false }`
[INFO] running `Command { std: "docker" "inspect" "bdee6abd131669dd7abcd6c97ad27426c37d7dd837c0710760273aaf740bd14c", kill_on_drop: false }`
[INFO] running `Command { std: "docker" "rm" "-f" "bdee6abd131669dd7abcd6c97ad27426c37d7dd837c0710760273aaf740bd14c", kill_on_drop: false }`
[INFO] [stdout] bdee6abd131669dd7abcd6c97ad27426c37d7dd837c0710760273aaf740bd14c
[INFO] running `Command { std: "docker" "create" "-v" "/var/lib/crater-agent-workspace/builds/worker-3/target:/opt/rustwide/target:rw,Z" "-v" "/var/lib/crater-agent-workspace/builds/worker-3/source:/opt/rustwide/workdir:ro,Z" "-v" "/var/lib/crater-agent-workspace/cargo-home:/opt/rustwide/cargo-home:ro,Z" "-v" "/var/lib/crater-agent-workspace/rustup-home:/opt/rustwide/rustup-home:ro,Z" "-e" "SOURCE_DIR=/opt/rustwide/workdir" "-e" "CARGO_TARGET_DIR=/opt/rustwide/target" "-e" "CARGO_INCREMENTAL=0" "-e" "RUST_BACKTRACE=full" "-e" "RUSTFLAGS=--cap-lints=forbid" "-e" "CARGO_HOME=/opt/rustwide/cargo-home" "-e" "RUSTUP_HOME=/opt/rustwide/rustup-home" "-w" "/opt/rustwide/workdir" "-m" "1610612736" "--user" "0:0" "--network" "none" "rustops/crates-build-env@sha256:d92eaeed33fa75130ca1ee6c8a01d1ffb62bac859dfdfb3450e3e5d1c0146529" "/opt/rustwide/cargo-home/bin/cargo" "+72f88fc4e9458f89516a0b8b0868f3718aec5b47" "check" "--frozen" "--all" "--all-targets" "--message-format=json", kill_on_drop: false }`
[INFO] [stderr] WARNING: Your kernel does not support swap limit capabilities or the cgroup is not mounted. Memory limited without swap.
[INFO] [stdout] 8449fe70950694f217c14004969356f5c8fca2690294d6851a14992d5dbe46ab
[INFO] running `Command { std: "docker" "start" "-a" "8449fe70950694f217c14004969356f5c8fca2690294d6851a14992d5dbe46ab", kill_on_drop: false }`
[INFO] [stderr]     Checking simd v0.1.1
[INFO] [stdout] error[E0277]: the trait bound `U: Simd` is not satisfied
[INFO] [stdout]    --> /opt/rustwide/cargo-home/registry/src/github.com-1ecc6299db9ec823/simd-0.1.1/src/lib.rs:195:19
[INFO] [stdout]     |
[INFO] [stdout] 68  | pub unsafe trait Simd {
[INFO] [stdout]     |                  ---- required by a bound in this
[INFO] [stdout] 69  |     /// The corresponding boolean vector type.
[INFO] [stdout] 70  |     type Bool: Simd;
[INFO] [stdout]     |                ---- required by this bound in `Simd`
[INFO] [stdout] ...
[INFO] [stdout] 195 |     fn simd_eq<T: Simd<Bool = U>, U>(x: T, y: T) -> U;
[INFO] [stdout]     |                   ^^^^^^^^^^^^^^ the trait `Simd` is not implemented for `U`
[INFO] [stdout] 
[INFO] [stdout] 
[INFO] [stdout] error[E0277]: the trait bound `U: Simd` is not satisfied
[INFO] [stdout]    --> /opt/rustwide/cargo-home/registry/src/github.com-1ecc6299db9ec823/simd-0.1.1/src/lib.rs:196:19
[INFO] [stdout]     |
[INFO] [stdout] 68  | pub unsafe trait Simd {
[INFO] [stdout]     |                  ---- required by a bound in this
[INFO] [stdout] 69  |     /// The corresponding boolean vector type.
[INFO] [stdout] 70  |     type Bool: Simd;
[INFO] [stdout]     |                ---- required by this bound in `Simd`
[INFO] [stdout] ...
[INFO] [stdout] 196 |     fn simd_ne<T: Simd<Bool = U>, U>(x: T, y: T) -> U;
[INFO] [stdout]     |                   ^^^^^^^^^^^^^^ the trait `Simd` is not implemented for `U`
[INFO] [stdout] 
[INFO] [stdout] 
[INFO] [stdout] error[E0277]: the trait bound `U: Simd` is not satisfied
[INFO] [stdout]    --> /opt/rustwide/cargo-home/registry/src/github.com-1ecc6299db9ec823/simd-0.1.1/src/lib.rs:197:19
[INFO] [stdout]     |
[INFO] [stdout] 68  | pub unsafe trait Simd {
[INFO] [stdout]     |                  ---- required by a bound in this
[INFO] [stdout] 69  |     /// The corresponding boolean vector type.
[INFO] [stdout] 70  |     type Bool: Simd;
[INFO] [stdout]     |                ---- required by this bound in `Simd`
[INFO] [stdout] ...
[INFO] [stdout] 197 |     fn simd_lt<T: Simd<Bool = U>, U>(x: T, y: T) -> U;
[INFO] [stdout]     |                   ^^^^^^^^^^^^^^ the trait `Simd` is not implemented for `U`
[INFO] [stdout] 
[INFO] [stdout] 
[INFO] [stdout] error[E0277]: the trait bound `U: Simd` is not satisfied
[INFO] [stdout]    --> /opt/rustwide/cargo-home/registry/src/github.com-1ecc6299db9ec823/simd-0.1.1/src/lib.rs:198:19
[INFO] [stdout]     |
[INFO] [stdout] 68  | pub unsafe trait Simd {
[INFO] [stdout]     |                  ---- required by a bound in this
[INFO] [stdout] 69  |     /// The corresponding boolean vector type.
[INFO] [stdout] 70  |     type Bool: Simd;
[INFO] [stdout]     |                ---- required by this bound in `Simd`
[INFO] [stdout] ...
[INFO] [stdout] 198 |     fn simd_le<T: Simd<Bool = U>, U>(x: T, y: T) -> U;
[INFO] [stdout]     |                   ^^^^^^^^^^^^^^ the trait `Simd` is not implemented for `U`
[INFO] [stdout] 
[INFO] [stdout] 
[INFO] [stdout] error[E0277]: the trait bound `U: Simd` is not satisfied
[INFO] [stdout]    --> /opt/rustwide/cargo-home/registry/src/github.com-1ecc6299db9ec823/simd-0.1.1/src/lib.rs:199:19
[INFO] [stdout]     |
[INFO] [stdout] 68  | pub unsafe trait Simd {
[INFO] [stdout]     |                  ---- required by a bound in this
[INFO] [stdout] 69  |     /// The corresponding boolean vector type.
[INFO] [stdout] 70  |     type Bool: Simd;
[INFO] [stdout]     |                ---- required by this bound in `Simd`
[INFO] [stdout] ...
[INFO] [stdout] 199 |     fn simd_gt<T: Simd<Bool = U>, U>(x: T, y: T) -> U;
[INFO] [stdout]     |                   ^^^^^^^^^^^^^^ the trait `Simd` is not implemented for `U`
[INFO] [stdout] 
[INFO] [stdout] 
[INFO] [stdout] error[E0277]: the trait bound `U: Simd` is not satisfied
[INFO] [stdout]    --> /opt/rustwide/cargo-home/registry/src/github.com-1ecc6299db9ec823/simd-0.1.1/src/lib.rs:200:19
[INFO] [stdout]     |
[INFO] [stdout] 68  | pub unsafe trait Simd {
[INFO] [stdout]     |                  ---- required by a bound in this
[INFO] [stdout] 69  |     /// The corresponding boolean vector type.
[INFO] [stdout] 70  |     type Bool: Simd;
[INFO] [stdout]     |                ---- required by this bound in `Simd`
[INFO] [stdout] ...
[INFO] [stdout] 200 |     fn simd_ge<T: Simd<Bool = U>, U>(x: T, y: T) -> U;
[INFO] [stdout]     |                   ^^^^^^^^^^^^^^ the trait `Simd` is not implemented for `U`
[INFO] [stdout] 
[INFO] [stdout] 
[INFO] [stdout] error: aborting due to 6 previous errors
[INFO] [stdout] 
[INFO] [stdout] 
[INFO] [stdout] For more information about this error, try `rustc --explain E0277`.
[INFO] [stdout] 
[INFO] [stderr] error: could not compile `simd`.
[INFO] [stderr] 
[INFO] [stderr] To learn more, run the command again with --verbose.
[INFO] running `Command { std: "docker" "inspect" "8449fe70950694f217c14004969356f5c8fca2690294d6851a14992d5dbe46ab", kill_on_drop: false }`
[INFO] running `Command { std: "docker" "rm" "-f" "8449fe70950694f217c14004969356f5c8fca2690294d6851a14992d5dbe46ab", kill_on_drop: false }`
[INFO] [stdout] 8449fe70950694f217c14004969356f5c8fca2690294d6851a14992d5dbe46ab
